sor of 62 and 5549.
31
What is the highest common divisor of 23859 and 525621?
723
What is the highest common divisor of 123 and 9972?
3
What is the highest common factor of 9361 and 185?
37
What is the greatest common factor of 28119 and 4368?
273
Calculate the greatest common factor of 1443748 and 61.
61
Calculate the highest common divisor of 50 and 8413850.
50
Calculate the highest common factor of 93 and 713.
31
Calculate the greatest common factor of 93 and 605306.
31
Calculate the greatest common divisor of 3900 and 1185.
15
What is the greatest common divisor of 14016 and 144?
48
What is the highest common factor of 303 and 203919?
303
Calculate the greatest common divisor of 148 and 451252.
148
What is the highest common divisor of 156 and 48912?
12
Calculate the greatest common factor of 117 and 20787.
39
What is the greatest common factor of 1537 and 3422?
29
Calculate the highest common factor of 135 and 46285.
5
What is the highest common factor of 163 and 123391?
163
Calculate the highest common factor of 36 and 47156.
4
What is the highest common divisor of 3496 and 9937?
19
What is the highest common factor of 45470 and 140?
10
What is the greatest common factor of 127359 and 243?
27
What is the greatest common factor of 6276 and 2?
2
Calculate the greatest common divisor of 355871 and 239.
239
What is the greatest common divisor of 2394 and 29358?
126
Calculate the greatest common divisor of 113880 and 66.
6
Calculate the highest common divisor of 175448 and 3640.
728
Calculate the greatest common factor of 212 and 203414.
106
What is the highest common divisor of 35253 and 6?
3
What is the highest common divisor of 171892 and 12740?
196
What is the greatest common divisor of 978 and 148982?
326
What is the greatest common factor of 494370 and 540?
270
What is the highest common factor of 8700746 and 606?
202
What is the highest common divisor of 40171 and 695?
139
Calculate the highest common divisor of 4088 and 2254.
14
Calculate the highest common factor of 745 and 15.
5
Calculate the greatest common divisor of 408029 and 61.
61
Calculate the highest common factor of 385 and 35455.
35
Calculate the highest common divisor of 538928 and 104.
104
What is the greatest common divisor of 290842 and 124?
62
Calculate the greatest common factor of 228 and 98648.
76
What is the greatest common divisor of 2505 and 141282?
501
What is the highest common divisor of 21 and 19863?
3
What is the greatest common divisor of 8010 and 3420?
90
Calculate the highest common divisor of 1149039 and 27.
27
What is the highest common divisor of 156240 and 7?
7
Calculate the highest common factor of 49588 and 980.
196
What is the greatest common factor of 2464 and 1008?
112
Calculate the highest common factor of 21 and 61488.
21
What is the highest common divisor of 7 and 411047?
7
Calculate the greatest common divisor of 103908 and 42.
42
Calculate the highest common factor of 7160402 and 79.
79
What is the highest common divisor of 2052 and 108224?
76
What is the highest common divisor of 2186767 and 38?
19
What is the greatest common divisor of 99 and 815749?
11
Calculate the greatest common factor of 739920 and 128.
16
Calculate the highest common divisor of 1581657 and 189.
21
Calculate the greatest common factor of 1269150 and 450.
150
Calculate the greatest common factor of 10959 and 462807.
843
What is the greatest common divisor of 45 and 161235?
45
What is the highest common factor of 1017 and 43279?
113
Calculate the highest common divisor of 4859754 and 1614.
1614
What is the greatest common divisor of 42343 and 345?
23
What is the greatest common divisor of 5066160 and 33?
33
Calculate the highest common divisor of 651 and 28238.
7
What is the highest common divisor of 12 and 1750332?
12
What is the greatest common divisor of 47996 and 156?
52
What is the greatest common factor of 124701 and 1773?
591
What is the greatest common factor of 15 and 5480940?
15
Calculate the greatest common factor of 8001 and 32571.
63
What is the greatest common divisor of 59528 and 32?
8
What is the greatest common factor of 56 and 57134?
14
Calculate the highest common factor of 5512800 and 225.
75
Calculate the highest common factor of 69301 and 74.
37
Calculate the greatest common divisor of 17056 and 210904.
328
What is the highest common factor of 1107 and 1671?
3
What is the greatest common factor of 7482 and 3306?
174
What is the highest common divisor of 616 and 2049124?
308
Calculate the greatest common divisor of 544 and 137615.
17
What is the highest common divisor of 157 and 22703613?
157
What is the highest common divisor of 6549 and 109386?
177
What is the greatest common divisor of 378299 and 51327?
1901
What is the greatest common divisor of 540 and 5748?
12
What is the highest common divisor of 98438 and 166?
166
Calculate the highest common factor of 11 and 165913.
11
Calculate the highest common divisor of 4036130 and 490.
490
Calculate the greatest common factor of 96 and 552.
24
What is the greatest common divisor of 6877 and 489164?
299
Calculate the greatest common factor of 75 and 67325.
25
What is the greatest common divisor of 13361 and 279?
31
Calculate the highest common divisor of 3 and 430450.
1
What is the greatest common divisor of 16 and 456608?
16
Calculate the highest common factor of 2635 and 10013.
527
Calculate the highest common factor of 537 and 14141.
179
What is the highest common factor of 9222 and 40890?
174
What is the highest common factor of 82869 and 69?
69
What is the highest common factor of 99 and 141471?
99
Calculate the highest common divisor of 676 and 39039.
169
Calculate the highest common factor of 2736 and 65816.
152
What is the highest common divisor of 3510 and 56025?
135
Calculate the greatest common divisor of 13793 and 208.
13
Calculate the greatest common divisor of 9968 and 2336.
16
What is the greatest common divisor of 964 and 76?
4
What is the highest common factor of 132167 and 1185?
79
What is the highest common divisor of 2987 and 435?
29
What is the highest common divisor of 133992 and 504?
72
What is the greatest common factor of 92 and 5494516?
92
Calculate the highest common divisor of 102 and 228174.
102
Calculate the greatest common divisor of 1809072 and 8.
8
What is the highest common factor of 36722 and 58996?
602
What is the greatest common divisor of 15 and 855275?
5
Calculate the highest common divisor of 5252 and 1027.
13
What is the highest common divisor of 711 and 797031?
711
Calculate the greatest common divisor of 2 and 25074.
2
Calculate the greatest common factor of 1434 and 354.
6
Calculate the greatest common factor of 58190 and 3190.
110
Calculate the highest common factor of 241521 and 1855.
371
Calculate the highest common factor of 4437 and 13515.
51
What is the highest common factor of 30536 and 88?
88
What is the highest common divisor of 21576 and 3999?
93
What is the highest common divisor of 19 and 59071?
19
Calculate the greatest common factor of 8799 and 70.
7
What is the greatest common factor of 1027 and 1212887?
1027
Calculate the greatest common divisor of 1160 and 23055.
145
Calculate the greatest common factor of 272 and 65858.
34
What is the highest common divisor of 458276 and 49?
7
What is the highest common divisor of 21 and 9786189?
21
Calculate the highest common factor of 16272 and 21.
3
What is the greatest common factor of 24232 and 936?
104
Calculate the highest common divisor of 158171 and 1.
1
Calculate the highest common factor of 4735200 and 400.
400
What is the highest common factor of 204 and 5172?
12
Calculate the greatest common factor of 35558 and 782.
46
Calculate the highest common divisor of 28548 and 11466.
234
What is the highest common divisor of 365 and 9125?
365
Calculate the highest common divisor of 271 and 115.
1
What is the highest common divisor of 1096 and 136178?
274
What is the highest common factor of 21286 and 154874?
734
What is the greatest common factor of 201 and 24053?
67
Calculate the greatest common divisor of 6132 and 468076.
2044
What is the highest common factor of 148 and 28379?
37
What is the greatest common divisor of 38 and 7210766?
38
Calculate the greatest common factor of 66666 and 1968.
2